f.
3, 7
Let f = -99 + 201. Let d = -49 + f. Let c = d + -32. List the prime factors of c.
3, 7
Suppose 5 = 5*l, -3*l = 3*v - 3655 + 340. List the prime factors of v.
2, 3, 23
Suppose 658*d - 40140 = 638*d. List the prime factors of d.
3, 223
Let c(f) = -4*f**3 - 26*f**2 - 42*f - 16. What are the prime factors of c(-11)?
2, 41
Let c = -16 + 2. Let k be (-6)/(-42) - 222/c. Suppose -81 = 13*x - k*x. List the prime factors of x.
3
Let f(c) = c**3 + 5*c**2 + c - 7. Let d be f(-4). List the prime factors of 464/40 + (-3)/d.
11
Let k = -1381 + 4073. List the prime factors of k.
2, 673
Let v be 3*2/(-4)*(-3 - -1). Suppose v*t = -t + 504. List the prime factors of t.
2, 3, 7
List the prime factors of -1 + (-75)/(-65) + (-142470)/(-65).
2, 137
Let s = 1811 + -786. What are the prime factors of s?
5, 41
Let j = 2 + 62. Suppose z - j = -3*z. List the prime factors of z - (1 + (-7 - -4)).
2, 3
Let b be -25 - 3/(-2)*-2. Let m = b - -29. Let d(j) = 19*j**3 + j**2 - j. What are the prime factors of d(m)?
19
Let n = 1783 + -816. What are the prime factors of n?
967
Let l = 2775 + -169. What are the prime factors of l?
2, 1303
Let m = 65 + -61. Let v(y) = 7*y**2 - 12*y - 1. What are the prime factors of v(m)?
3, 7
Let z(q) = q**2 + 5*q + 1. Let b be z(-4). Let m(l) = -4*l**3 + 10*l**2 - 1. What are the prime factors of m(b)?
197
Suppose 3*k + 0*k - 6 = 0. Suppose -3*q = -4*s + 75, 3*q - 30 = -3*s - 0*q. Let i = k + s. List the prime factors of i.
17
Let u(o) = -5*o**3 - 4*o**2 + 4*o + 9. Let h be u(-3). Suppose -164 = h*m - 98*m. List the prime factors of m.
2, 41
Let v = 57 + -82. Let x = -13 - v. List the prime factors of x.
2, 3
Let z = -60 - -13. Let c = z + 17. List the prime factors of (-86)/(-3) + 20/c.
2, 7
Suppose -4*z + 3*y + 1710 = 0, z + y + 1706 = 5*z. List the prime factors of z.
2, 3, 71
Let w be 2/(0 + -2) - (-20 - -19). Suppose 6*r - 538 - 230 = w. List the prime factors of r.
2
Suppose 25*l = 37*l - 7728. List the prime factors of l.
2, 7, 23
Let h be (-8)/6*(-278 + 2). Suppose 0 = -12*v + h + 340. What are the prime factors of v?
59
Suppose -1214 - 950 = -2*p + v, 5*v = 0. List the prime factors of p.
2, 541
Let j be (160/12)/(((-6)/(-63))/(-1)). Let m = 262 + j. List the prime factors of m.
2, 61
Suppose 5*p - 4*w = 375, 208 = 5*p - 2*p + w. Let z = p - 10. List the prime factors of z.
61
Suppose 2*a = -6 - 0, 4*a = 4*r - 20. What are the prime factors of r?
2
Let l = 18 - 13. Suppose -5*s + 40 = l*v, -4*v + 2*s - 1 = -v. Suppose -3*t - t - 80 = -4*r, 0 = -v*t + 3. What are the prime factors of r?
3, 7
Let m(q) = 5*q**2 + 14*q - 14. What are the prime factors of m(-12)?
2, 269
Let v be (0 - -1)*2*-31. Let h = v + 72. What are the prime factors of h?
2, 5
Suppose 0 = 4*o + 227 - 1019. Suppose o = 2*n - 3*d, -n = -3*d + 6*d - 81. List the prime factors of n.
3, 31
Let k = -48 + 50. What are the prime factors of 141 + 5 + 2/k?
3, 7
Suppose g = 5*d + 88 + 118, -4*g + 752 = -2*d. List the prime factors of g.
2, 3, 31
Let x(d) = 20*d**2 - 10*d + 9. What are the prime factors of x(7)?
919
Let r(k) = 2*k**2 + 8*k - 10. Suppose -73 = 5*l - 113. What are the prime factors of r(l)?
2, 7, 13
Let o(s) = -s**3 - 15*s**2 - 14*s - 6. Let h be o(-14). Let n(k) = k**3 + 5*k**2 - 7*k - 3. Let y be n(h). Let u = 19 - y. What are the prime factors of u?
2
Let h be 432/5 + 4/(-10). Suppose 2*m = h - 26. List the prime factors of m.
2, 3, 5
Let d(r) = r**2 - 2*r. Let h be d(3). Let u be -12*h*(-1)/(-3). Let j = u - -38. What are the prime factors of j?
2, 13
Suppose 1015 = 4*a - 1805. What are the prime factors of a?
3, 5, 47
Let l(u) = 5*u**2 - u - 8. Let o(s) = -1. Let m(v) = l(v) - 5*o(v). List the prime factors of m(4).
73
List the prime factors of (-9 + 155/(-2))/(1/(-2)).
173
Let r = 0 - 5. Let c(w) = -10*w + 10. Let x be c(r). Suppose 2*u - x = -2*u. List the prime factors of u.
3, 5
Let x(o) = 8*o - 26. Let l be x(15). Let s = l + -27. List the prime factors of s.
67
Let o(q) = -2*q**2 - 10 - 8*q + 0 + 2*q**2 - q**2. Let f be o(-6). Let j(k) = 4*k**2 + 4*k - 3. What are the prime factors of j(f)?
3, 7
Let i be -50*1/8*8. Let q be (-31)/(-5) - 40/i. What are the prime factors of 55 + q/((-28)/8)?
53
What are the prime factors of (-18)/(1*(-4)/306)?
3, 17
Let v(o) = o**2 - 9*o + 2. List the prime factors of v(-14).
2, 3
Suppose 7*b - 5 - 9 = 0. Let j(s) = 46*s**2 + 7*s - 9. What are the prime factors of j(b)?
3, 7
Suppose 4*w + 3*b - 4*b = 3128, 3*b = -5*w + 3893. List the prime factors of w.
11, 71
Let x(m) = -m**3 - 5*m**2 + 6*m + 1. Let g be x(-5). Suppose -3*p + p + 96 = 0. Let t = p + g. List the prime factors of t.
19
Suppose 10036 = 10*f + 416. What are the prime factors of f?
2, 13, 37
Let w be (-5)/20 - (-52)/16. Suppose w*x - 40 + 1 = 0. Suppose -g = x - 68. What are the prime factors of g?
5, 11
Suppose 2*u + 27 = 5*d - 6, -5*d - 3*u = -38. Let a(j) = -6 + 16 + 10 + 5*j. What are the prime factors of a(d)?
5, 11
Let p(i) be the first derivative of -33*i**2/2 - 15*i + 9. List the prime factors of p(-4).
3, 13
Let j = 399 + -331. List the prime factors of j.
2, 17
Let r(k) = 4*k**2 + 51*k + 30. List the prime factors of r(-14).
2, 5
Let u(p) be the second derivative of -5*p**3/6 - 5*p**2 + 17*p. What are the prime factors of u(-9)?
5, 7
Let v(q) = -20*q**3 + 4*q**2 + 3*q - 3. Let d be v(-2). Suppose -170*r = -d*r - 408. What are the prime factors of r?
2, 17
Let m be (-2 - 0)*(-363)/(-6). Let v = 30 - m. What are the prime factors of v?
151
Let b be 2 + (9*-1 - 0). Let y = b + 13. Suppose y*s = 11*s - 135. List the prime factors of s.
3
Let a(m) = -m**3 + 13*m**2 - 13*m - 4. Let g be a(12). List the prime factors of 1*-1*1072/g.
67
Suppose 4*f - 4266 = 2*p - 584, 5*f = 2*p + 4604. What are the prime factors of f?
2, 461
Let t be (-5*45 - -3)*(0 + 1). Let m = t - -415. List the prime factors of m.
193
Let t be 2020/140 + 3/(-7). Suppose -3*s = 5*i - t, -3*i = s - 4*s + 6. Let q(p) = 28*p - 1. List the prime factors of q(i).
3
Let u = 6481 + -2495. List the prime factors of u.
2, 1993
Let q(m) = -m**3 - 13*m**2 - 2*m + 5. Let r(d) = d**2 + 5*d + 6. Let x be r(-3). Suppose -g - 9 - 4 = x. What are the prime factors of q(g)?
31
Suppose 4*o + 386 = 3*u - 733, -3*o - 2*u = 818. Let f be 3/(-3 + o/(-93)). Let x = 144 + f. List the prime factors of x.
3, 17
Let m be (-4)/(-6)*288/16. What are the prime factors of (-6 + m + -28)/((-2)/16)?
2, 11
Suppose 0 = -0*s + s. Let n = 5 + s. Suppose -n*u = -3*u - 36. List the prime factors of u.
2, 3
Let p be (-9 - 0)*(-2 + (-350)/21). Suppose -13*v + 15*v = 10. Suppose x - 4*m + 52 = 2*x, v*x - p = 3*m. What are the prime factors of x?
2, 3
Let r(f) = f**3 + 8*f**2 - 10*f - 15. Let d be r(-9). What are the prime factors of 21*(3/d - (-34)/12)?
7
Suppose 0 = 17*p - 16*p - 137. Suppose 0 = 4*a - 479 - p. What are the prime factors of a?
2, 7, 11
Let j(p) = -p**2 + 33*p + 8. List the prime factors of j(14).
2, 137
Let c(w) = 2*w**2 + 7*w + 7. What are the prime factors of c(-11)?
2, 43
Let b(t) = -t**2 + 10. Let i be b(0). Let v(l) = l**2 - 8*l - 5. Let j be v(i). List the prime factors of ((-16)/24)/((-2)/j).
5
Suppose 7*u - 419 - 1051 = 0. List the prime factors of u.
2, 3, 5, 7
Suppose 2*a + 3*d = 8, a - 34 = -3*a + 3*d. Let y(f) = -f + 8. Let c be y(7). What are the prime factors of 4 + a/c*7?
53
Let r = -2 + 4. Suppose -25*m + 26*m = -r. List the prime factors of 0/m + (-100)/(-5).
2, 5
Suppose 4*b = i - 6*i + 1128, 4*b = -3*i + 1120. Suppose 19*n = 18*n + b. List the prime factors of n.
277
Suppose -1 = -v - r, -4*v + 2*r - r = -14. What are the prime factors of 102/(2 + 2 - v) + -3?
3, 11
Let w be (-5)/((-15)/(-2148))*1/(-2). What are the prime factors of (3 - w/(-6)) + (-2)/3?
2, 31
Suppose 4*i = -4, -5*g + 4*i - 1160 = -224. List the prime factors of -7 + 5 - g - (-8)/2.
2, 5, 19
Suppose -5*v + 1100 + 50 = -2*m, 4*m - 208 = -v. What are the prime factors of v?
2, 3, 19
Suppose h = -2*h - 9. Let f(j) = j**3 + 3*j**2. Let b be f(h). Let g(i) = -3*i + 42. List the prime factors of g(b).
2, 3, 7
Let u = 13596 + -8708. What are the prime factors of u?
2, 13, 47
Let u be (-210)/9 + 3/9. Let k = -4 - u. List the prime factors of k.
19
Let z = 247 + 914. List the prime factors of z.
3, 43
Suppose 485*x - 480*x - 1